 13?
7
Let t = -15 - -37. Suppose -30*b = 423*b + 497*b - 36046 - 82704. What is the remainder when b is divided by t?
15
Suppose -743 = -19*l + 416. Suppose 0 = -4*t - 4*a, -2*t + 6*t + 5*a + 5 = 0. Suppose t*r - 2*r = 96. What is the remainder when l is divided by r?
29
Suppose -4*g = -3*p + 311, 2*p + 79*g - 77*g = 212. Calculate the remainder when 363 is divided by p.
48
Suppose -30*n + 810 + 35 = -415. Calculate the remainder when 499 is divided by n.
37
Let l = 222 - 217. Suppose -2*v - 26 = -l*v - 5*o, o + 2 = 0. Calculate the remainder when 22 is divided by v.
10
Suppose -2*r + 88 = -4*o, -183*r = -182*r - 5*o - 53. What is the remainder when r is divided by 13?
12
Let f = 23161 - 23135. What is the remainder when 15752 is divided by f?
22
Let z = 1491 - 1471. Calculate the remainder when 854 + (0 + 0 - -5) is divided by z.
19
Let d(c) be the second derivative of -c**3/6 - 11*c**2/2 + 2*c + 11. What is the remainder when 61 is divided by d(-26)?
1
Let s = 456 - 423. Let v(b) = -b**2 - 30*b + 29. What is the remainder when v(-29) is divided by s?
25
Let x = 4685 - 3376. What is the remainder when x is divided by 22?
11
Let o(i) = 3*i - 3. Let k be o(9). Let q = k + -28. What is the remainder when (4 - 3)/(q/(-204)) is divided by 11?
7
Let n = 6326 - 6189. What is the remainder when 281 is divided by n?
7
Let o(v) = 5*v**2 - 13*v - 12. Calculate the remainder when o(-10) is divided by 171.
105
Let l(n) = n**2 - 30*n - 53. Let q be l(32). Suppose -14*d + 270 = -q*d. What is the remainder when d is divided by 13?
12
What is the remainder when (-775 + 970)*((-18)/5)/(-3) is divided by 233?
1
Suppose -205 = -11*x + 259 - 189. Suppose 0 = 5*l - 18 - 12. Suppose -p + l*p = 35. Calculate the remainder when x is divided by p.
4
Let j(b) = b**2 + 24*b + 1055. What is the remainder when j(0) is divided by 106?
101
Let r be -1*(-3262)/6 + 11/33. Suppose 0 = -14*z + r + 604. What is the remainder when z is divided by (-164)/(-6) + (-6)/(-9)?
26
Suppose s = 3*j - 2*s, 0 = 5*j - s + 12. Let k be (0 + j)/((-1)/(-7)). Let w = 60 + k. Calculate the remainder when 154 is divided by w.
37
Let b = 61 - 67. Let d be (12/(-10))/(b/40). Suppose -586 + 98 = -d*w. What is the remainder when w is divided by 16?
13
Suppose 3*x + 4*y - 426 = 0, 4*x = -x - 5*y + 715. Let m(t) = 2*t**3 + 34*t**2 - 133*t - 65. What is the remainder when x is divided by m(4)?
71
Calculate the remainder when 52 is divided by (2 - (-5 + 0)) + 70 + -74.
1
Suppose 2*u = 3*f + 14, f - 5*u + u - 12 = 0. What is the remainder when 114 is divided by (598/f)/(-13)*4?
22
Let v = -848 + 843. Calculate the remainder when v - (1 - 4 - 72) is divided by 27.
16
Suppose 843 = -41*d - 748 - 1771. Suppose 2*g = -3*g + 585. Let f = d + g. Calculate the remainder when 67 is divided by f.
32
Suppose -2*t = 2 + 4. Let c be 5/15*t*0. Suppose -r + 1 + 4 = c, -4*o - r = -97. Calculate the remainder when 68 is divided by o.
22
Let q(s) = -10*s - 70. Let n be q(-7). Let x = -21 - -61. Suppose 2*g + g - 4*f - 30 = 0, n = -4*g - 5*f + x. What is the remainder when 39 is divided by g?
9
Calculate the remainder when 1630 is divided by (-298)/(-12) - 395/474.
22
Suppose -2*i + 16 = 2*i. Suppose v - i*v - 114 = -4*l, 5*l - 148 = v. Suppose -3*x + 80 - 26 = 0. Calculate the remainder when l is divided by x.
12
Suppose -20*i - 29*i + 33802 = -596. What is the remainder when i is divided by 55?
42
Let s = -73 - -167. Suppose -20*c = -7470 + 7130. What is the remainder when s is divided by c?
9
Suppose -18 + 3 = 5*g, -57 = -3*j - 2*g. Let w = 3 - -13. What is the remainder when j is divided by w?
5
Suppose -5*h + 140 = x, 3*h + 4*x - 77 = -10. Suppose 4*o + 275 = h*o. What is the remainder when 17 is divided by o?
6
Let u be (28 - 27)/(3/(-4) - -1). Suppose -5*n + u*z + z + 95 = 0, -2*z - 60 = -3*n. Calculate the remainder when 349 is divided by n.
19
Let r be 32/(-12)*(-42)/28. Suppose 0 = 5*d - r*d - 3*i - 13, 3*d - 78 = -4*i. Calculate the remainder when 394 is divided by d.
20
Let w(h) = -289*h + 2564. What is the remainder when w(8) is divided by 6?
0
Calculate the remainder when (-17084*(-21)/(-42))/(-2) is divided by 89.
88
Let o(b) = b + 2. Let n be o(1). Suppose 74 + 158 = -4*l - 5*z, 0 = -n*l + 2*z - 197. What is the remainder when 2*1/(-7) - 9153/l is divided by 37?
34
Let v be 21/(-2)*(-7)/(-21)*40. Let d = v + 173. Calculate the remainder when d is divided by 9.
6
Suppose -272*u - 11564 = -321*u. What is the remainder when u is divided by 174?
62
Let w(d) = -5*d**2 + 101*d + 102. Calculate the remainder when w(20) is divided by ((-45)/(-20))/(1/16).
14
Let h = 200 - 197. Suppose -111 = -4*b - 2*z + 41, 5*b - 192 = -h*z. Calculate the remainder when 51 is divided by b.
15
Let b = -288 - -290. Suppose -b*r - 852 = -14*r. Calculate the remainder when r is divided by 20.
11
Suppose -77*x + 79*x = 6. Let p be ((-57)/(-72) + (-1)/8)*x. Suppose -p*j = -15 - 3. What is the remainder when 23 is divided by j?
5
Let q be 27/(-18)*(-1 + (-658)/6). Let i = -157 + q. What is the remainder when 11 is divided by i?
2
Suppose -2*n + 0*n + 3*u = -187, n + u = 86. Let z(k) be the first derivative of -3*k**2 + 6*k + 10. Calculate the remainder when n is divided by z(-2).
17
Let v = 19 - 10. Let o(a) = a**2 + 10*a + 18. Let x be o(-8). Suppose -x*b = -0 + 4, q + 5*b - 33 = 0. Calculate the remainder when q is divided by v.
7
Let q(g) = 11*g - 269. Calculate the remainder when q(46) is divided by -3 - (4*-16 - -1).
57
Let z(l) = -l**2 - 7*l + 5. Let r be z(-4). Let p(x) = x**2 - 28*x + 195. What is the remainder when 447 is divided by p(r)?
7
Let q(v) = -2*v - 3. Suppose o = -3, 18*i - 17*i + 5*o + 6 = 0. What is the remainder when (-2 + -1)*i*2/(-3) is divided by q(-4)?
3
Suppose 0 = 5*u - 5*q + 15, 4*u + 0*q + q = 13. Suppose 2205 = 21*p - 42*p. Calculate the remainder when 8/u*p/(-6) is divided by 12.
10
Suppose 813348 = -36*g + 240*g. Calculate the remainder when g is divided by 114.
111
Suppose -48*r + 430949 + 577497 = 42254. What is the remainder when r is divided by 165?
164
Calculate the remainder when 418/2*486/891 is divided by 4.
2
Suppose -s = -2*q + 67, 134*q - 130*q - 164 = -4*s. What is the remainder when -5 - -111 - (3 - -1) is divided by q?
30
Let r(v) = 1 - 1 + 8*v**2 - 4*v**2 - 5 - 3*v**2. Suppose -2*s + 14 = -3*x, 0 = -2*x - 0*x - s - 7. Calculate the remainder when 40 is divided by r(x).
7
Let n(q) = 1227*q + 11863. Calculate the remainder when n(-8) is divided by 157.
6
Let s = 292 - 300. Let t(r) = 11*r + 126. Calculate the remainder when 140 is divided by t(s).
26
Calculate the remainder when -37 + 31 + 234 + -3 is divided by 51.
21
Suppose 331 + 443 = 6*k. Suppose 0 = -3*s + 2*d - 334, -2*d - d + 339 = -3*s. Let t = s + k. Calculate the remainder when 38 is divided by t.
17
Suppose 2576 + 3491 + 4818 = 7*z. What is the remainder when z is divided by 173?
171
Let c = 401 + -355. Let h = 211 + -79. What is the remainder when h is divided by c?
40
Suppose 24*q + 182*q - 869550 = 19*q. What is the remainder when q is divided by 33?
30
Let g = -1736 + 2519. Suppose -d + 95 = -z, -308 = -5*z - d - g. Let c = z - -202. Calculate the remainder when c is divided by 28.
23
Suppose -2*v = 4*d - 202, 51*d = -v + 46*d + 122. What is the remainder when 212 is divided by v?
38
Let f = 56 + -40. Let x be (-1 - 3) + (143 - 3). Let a = -76 + x. Calculate the remainder when a is divided by f.
12
Suppose 32*a - 9 = -41. Let h(z) = -49*z - 23. Let b = 8 + 2. Calculate the remainder when h(a) is divided by b.
6
Let b be 25/200 + (-3705)/8. Let p = -369 - b. What is the remainder when p is divided by (-270)/(-14) + 2/(-7)?
18
Suppose 10 = j + 4*r - 15, 0 = -4*r + 4. Let z(p) = p**3 - 16*p**2 - 34*p - 14. Let n be z(18). Let d = n + 58. Calculate the remainder when d is divided by j.
17
Suppose -416*d = -432*d + 5776. Calculate the remainder when d is divided by 69.
16
Let z(u) = -81*u - 1816. Calculate the remainder when 497 is divided by z(-23).
27
Let o(r) = -r**3 + 9*r**2 - 5*r - 11. Let s = 94 - 54. Calculate the remainder when s is divided by o(8).
1
Suppose u + 297*k - 298*k - 255 = 0, 4*k + 1508 = 6*u. Suppose -w = -4*m + w + 32, -5*w = -2*m + 24. What is the remainder when u is divided by m?
6
Suppose -46 = n + 3*h